 8?
4
Calculate the remainder when 414 is divided by 63.
36
What is the remainder when 36798 is divided by 29?
26
Calculate the remainder when 370 is divided by 120.
10
What is the remainder when 19984 is divided by 392?
384
Calculate the remainder when 3205 is divided by 1594.
17
Calculate the remainder when 712 is divided by 68.
32
Calculate the remainder when 1046 is divided by 88.
78
Calculate the remainder when 70814 is divided by 16.
14
Calculate the remainder when 285 is divided by 67.
17
What is the remainder when 1543 is divided by 12?
7
What is the remainder when 36 is divided by 13?
10
What is the remainder when 177 is divided by 22?
1
Calculate the remainder when 538 is divided by 2.
0
Calculate the remainder when 4286 is divided by 5.
1
Calculate the remainder when 20 is divided by 11.
9
What is the remainder when 48 is divided by 19?
10
What is the remainder when 443 is divided by 193?
57
Calculate the remainder when 4552 is divided by 17.
13
Calculate the remainder when 4217 is divided by 10.
7
What is the remainder when 479 is divided by 158?
5
What is the remainder when 788 is divided by 98?
4
Calculate the remainder when 302 is divided by 51.
47
What is the remainder when 1095 is divided by 413?
269
Calculate the remainder when 905 is divided by 17.
4
Calculate the remainder when 1847 is divided by 14.
13
Calculate the remainder when 2076 is divided by 514.
20
What is the remainder when 232 is divided by 81?
70
What is the remainder when 98 is divided by 23?
6
What is the remainder when 10135 is divided by 93?
91
What is the remainder when 34 is divided by 18?
16
Calculate the remainder when 198 is divided by 183.
15
What is the remainder when 153 is divided by 9?
0
Calculate the remainder when 89 is divided by 10.
9
What is the remainder when 65 is divided by 10?
5
What is the remainder when 536 is divided by 108?
104
Calculate the remainder when 109 is divided by 11.
10
What is the remainder when 78 is divided by 39?
0
Calculate the remainder when 1559 is divided by 6.
5
Calculate the remainder when 98 is divided by 11.
10
What is the remainder when 856 is divided by 234?
154
Calculate the remainder when 20 is divided by 4.
0
Calculate the remainder when 1450 is divided by 249.
205
Calculate the remainder when 144 is divided by 10.
4
What is the remainder when 2475 is divided by 309?
3
What is the remainder when 762 is divided by 14?
6
What is the remainder when 555 is divided by 54?
15
Calculate the remainder when 317 is divided by 167.
150
What is the remainder when 71 is divided by 20?
11
Calculate the remainder when 264 is divided by 55.
44
What is the remainder when 597 is divided by 147?
9
What is the remainder when 190 is divided by 24?
22
What is the remainder when 908 is divided by 35?
33
What is the remainder when 1632 is divided by 40?
32
What is the remainder when 864 is divided by 858?
6
Calculate the remainder when 922 is divided by 188.
170
Calculate the remainder when 358 is divided by 106.
40
What is the remainder when 18 is divided by 6?
0
Calculate the remainder when 151 is divided by 35.
11
What is the remainder when 142 is divided by 19?
9
Calculate the remainder when 395 is divided by 33.
32
Calculate the remainder when 57 is divided by 29.
28
What is the remainder when 2700 is divided by 73?
72
What is the remainder when 310 is divided by 35?
30
Calculate the remainder when 2015 is divided by 9.
8
What is the remainder when 150 is divided by 14?
10
Calculate the remainder when 3419 is divided by 15.
14
Calculate the remainder when 28 is divided by 6.
4
What is the remainder when 502 is divided by 12?
10
What is the remainder when 335 is divided by 24?
23
What is the remainder when 178 is divided by 41?
14
Calculate the remainder when 90 is divided by 28.
6
Calculate the remainder when 19 is divided by 6.
1
Calculate the remainder when 34 is divided by 25.
9
Calculate the remainder when 309 is divided by 100.
9
What is the remainder when 665 is divided by 30?
5
What is the remainder when 9110 is divided by 186?
182
Calculate the remainder when 84 is divided by 22.
18
What is the remainder when 350 is divided by 9?
8
What is the remainder when 300 is divided by 67?
32
Calculate the remainder when 270 is divided by 91.
88
Calculate the remainder when 3239 is divided by 141.
137
What is the remainder when 112 is divided by 62?
50
What is the remainder when 287 is divided by 67?
19
What is the remainder when 60 is divided by 7?
4
Calculate the remainder when 311 is divided by 83.
62
What is the remainder when 9875 is divided by 1409?
12
What is the remainder when 1155 is divided by 25?
5
What is the remainder when 4677 is divided by 151?
147
What is the remainder when 903 is divided by 451?
1
Calculate the remainder when 424 is divided by 416.
8
Calculate the remainder when 1362 is divided by 665.
32
Calculate the remainder when 183 is divided by 76.
31
What is the remainder when 231 is divided by 18?
15
Calculate the remainder when 501 is divided by 12.
9
Calculate the remainder when 709 is divided by 144.
133
Calculate the remainder when 293 is divided by 76.
65
What is the remainder when 340 is divided by 61?
35
Calculate the remainder when 67 is divided by 67.
0
What is the remainder when 1078 is divided by 88?
22
Calculate the remainder when 5613 is divided by 53.
48
What is the remainder when 392 is divided by 79?
76
Calculate the remainder when 2328 is divided by 19.
10
What is the remainder when 76 is divided by 7?
6
Calculate the remainder when 504 is divided by 34.
28
Calculate the remainder when 314 is divided by 16.
10
Calculate the remainder when 124 is divided by 12.
4
Calculate the remainder when 233 is divided by 72.
17
What is the remainder when 17 is divided by 9?
8
Calculate the remainder when 133 is divided by 27.
25
What is the remainder when 582 is divided by 65?
62
What is the remainder when 8213 is divided by 104?
101
What is the remainder when 16 is divided by 5?
1
What is the remainder when 1678 is divided by 35?
33
Calculate the remainder when 1422 is divided by 23.
19
Calculate the remainder when 8104 is divided by 2701.
1
Calculate the remainder when 2547 is divided by 23.
17
Calculate the remainder when 474 is divided by 68.
66
Calculate the remainder when 590 is divided by 15.
5
Calculate the remainder when 9822 is divided by 28.
22
What is the remainder when 7154 is divided by 3567?
20
What is the remainder when 196 is divided by 100?
96
Calculate the remainder when 307 is divided by 69.
31
Calculate the remainder when 88 is divided by 69.
19
What is the remainder when 6130 is divided by 118?
112
What is the remainder when 200 is divided by 22?
2
What is the remainder when 143 is divided by 51?
41
What is the remainder when 80 is divided by 55?
25
What is the remainder when 83 is divided by 53?
30
Calculate the remainder when 1390 is divided by 675.
40
Calculate the remainder when 8222 is divided by 47.
44
What is the remainder when 139 is divided by 14?
13
What is the remainder when 245 is divided by 67?
44
Calculate the remainder when 1363 is divided by 50.
13
Calculate the remainder when 1187 is divided by 113.
57
What is the remainder when 7799 is divided by 200?
199
Calculate the remainder when 1311 is divided by 59.
13
What is the remainder when 1048 is divided by 348?
4
Calculate the remainder when 290 is divided by 92.
14
What is the remainder when 4883 is divided by 74?
73
What is the remainder when 513 is divided by 65?
58
What is the remainder when 177 is divided by 52?
21
Calculate the remainder when 2103 is divided by 39.
36
Calculate the remainder when 718 is divided by 48.
46
What is the remainder when 285 is divided by 111?
63
What is the remainder when 826 is divided by 92?
90
What is the remainder when 1377 is divided by 13?
12
What is the remainder when 1296 is divided by 133?
99
What is the remainder when 3193 is divided by 1062?
7
What is the remainder when 404 is divided by 131?
11
Calculate the remainder when 59 is divided by 35.
24
Calculate the remainder when 310 is divided by 13.
11
What is the remainder when 4543 is divided by 142?
141
What is the remainder when 1269 is divided by 49?
44
Calculate the remainder when 269 is divided by 56.
45
Ca